ts digit of x(b)?
2
Suppose 13*f - 20584 = 27490. What is the units digit of f?
8
Suppose 0 = -61*f - 30*f + 25844. What is the tens digit of f?
8
Suppose -5*i + 2*a + 25 = 0, -2 - 3 = -i + a. Suppose -16*x + 7*x + 45 = 0. Suppose 0 = x*w - f - 259, -2*w - i*f = 2*w - 213. What is the units digit of w?
2
Let d(w) = 5*w**2 - 2*w + 2. Let t(k) = -k**3 - 5*k**2 - 4*k - 4. Let c be t(-4). What is the units digit of d(c)?
0
What is the units digit of 3/(-4)*-1282*(-22)/(-33)?
1
Let r = 1165 + -1097. What is the units digit of r?
8
Let p(g) = -g + 1. Let z(s) = s**3 - 5*s**2 - 3. Let r(i) = 3*p(i) - z(i). Let t be r(4). Let v = t + 8. What is the tens digit of v?
1
Suppose q - 38 = w + 4*q, -4*q - 16 = 0. Let k = w - -45. What is the tens digit of k?
1
Suppose 4636 = 4*w + 2*a, -2*w - 9*a = -5*a - 2330. What is the tens digit of w?
5
Suppose -36 = -2*j + 5*a, -11*j = -6*j + a - 90. Let f be (-1)/(0 + -1)*-9. What is the units digit of j/(-162) - 55/f?
6
Let o(c) = c**2 - c - 19 + 6*c - 6. Let k(v) = v**3 + 22*v**2 + 39*v - 32. Let f be k(-20). What is the units digit of o(f)?
9
Suppose -4*r = 4*t - 908, -t + 18*r = 17*r - 219. What is the hundreds digit of t?
2
Suppose -4*q + 10256 = 2*l, 0 = -5*l - 3 - 17. What is the tens digit of q?
6
Let q = 363 - -67. Suppose -4*a + 1102 = q. What is the tens digit of a?
6
Let s(o) = -o**2 + 6*o + 3. Let k be s(6). Let r(v) = -v + k - 4 + 4. What is the units digit of r(-7)?
0
Suppose -5 = -4*i - 17. Let s(g) = -14*g**3 - 12*g**2 - g + 5. Let p(h) = 9*h**3 + 8*h**2 + h - 3. Let l(r) = -8*p(r) - 5*s(r). What is the units digit of l(i)?
6
Let n(x) = 11*x**2 + 41*x - 19. Let f(l) = 5*l**2 + 21*l - 10. Let h(r) = -9*f(r) + 4*n(r). Let g be h(-14). What is the units digit of g/32 - 2/8?
5
Let n = -143 + 2558. What is the units digit of n?
5
Let k(v) be the second derivative of 2*v**5/15 - v**3/3 - 4*v**2 + 5*v. Let p(q) be the first derivative of k(q). What is the tens digit of p(2)?
3
Suppose -176*k = -182*k + 2412. What is the tens digit of k?
0
Let x(o) = -o**2 + 5*o - 1. Let s be x(2). Suppose s*y - 437 = -3*j, 4*y - 355 = -5*j + 8*j. What is the units digit of y?
8
Let h = 85 + -59. Let i = h + 6. Let p = i + -13. What is the units digit of p?
9
Suppose 4*v - 2*f - 16 = 0, f = -2*v + 3*f + 12. Let d = 23 + v. Let b = d + -3. What is the tens digit of b?
2
Let b(l) = -l**3 - 7*l**2 - 14*l - 17. Let p be b(-5). Suppose -1071 = -5*r + 2*c, 2*r = 4*c - p*c + 429. What is the tens digit of r?
1
Let y be 20/7 - 8/(-56). Suppose -y*x + 10 = -47. Let t = x - -13. What is the tens digit of t?
3
Suppose 35*u = 32*u + 15. What is the hundreds digit of ((20/12)/u)/(2/1128)?
1
Suppose 29*s - 12282 - 7699 = 0. What is the hundreds digit of s?
6
Let j(h) = 3*h + 28. Let v(l) = -7*l - 57. Let x(n) = 5*j(n) + 2*v(n). What is the tens digit of x(9)?
3
Let w(k) = -k + 16. Suppose 2*h + 5*b = -2*h + 52, 44 = 4*h + 3*b. Suppose 4*q = -t - 0*t - h, 2*t - 3*q - 28 = 0. What is the units digit of w(t)?
8
Suppose x = -2*r - 0*x + 9, 1 = 3*r - x. Suppose 0 = -r*q + 8. Suppose 2*z - i - 16 = q, 2*i = -z. What is the units digit of z?
8
Suppose -28*i = -2517 + 753. What is the tens digit of i?
6
Let b(x) = 6*x - 1. Let y(p) = -31*p + 6. Let q(w) = -33*b(w) - 6*y(w). What is the units digit of q(-2)?
1
Let z = 11 + -3. Let h(d) = 4 - 11 + 8 + 5 - z*d. What is the tens digit of h(-3)?
3
Suppose o + 4 = 0, g - 2*o - 6 = 2*g. Suppose g*q + 679 = -6*w + 9*w, 0 = w - 3*q - 217. What is the hundreds digit of w?
2
Suppose -g - 16*o + 19*o = -456, 1856 = 4*g - 4*o. What is the hundreds digit of g?
4
Let f(z) = -60*z**3 + 2*z**2 - 4*z + 3. Let b be f(1). What is the tens digit of b/(-5) + 20/(-25)?
1
Suppose 0 = -374*o + 345*o + 7395. What is the tens digit of o?
5
Suppose 0 = -a - 0*a - 1, -5*r = a - 3979. Suppose x = 0, -2*p - r = -6*p - x. What is the hundreds digit of p?
1
Suppose -6*n + 50 = -n. Let b(r) = -r**2 + 14*r - 18. Let u be b(12). Suppose 0 = -n*z + u*z + 88. What is the tens digit of z?
2
Suppose h + 4 = 0, 3*z + 2 = -3*h + 5. Let g(q) = q**2 + 2*q - 1. What is the units digit of g(z)?
4
Let x(a) = -a**3 - a**2 + a. Let f be x(-2). Suppose -f*c + 9 - 3 = 0. Suppose -c*q - 7 + 97 = 0. What is the tens digit of q?
3
Suppose 0 = -4*r + 9 + 7. Suppose 0*c + r*c = -4*s + 196, 47 = s + 2*c. What is the tens digit of s?
5
What is the units digit of 11952/90 + 2/10?
3
Let b(v) = 9*v + 10. Suppose 2*f + f - 15 = 0. Let x(t) = 8*t + 9. Let h(k) = f*x(k) - 4*b(k). What is the units digit of h(4)?
1
Let h be 9/4 + (-18)/(-24). What is the units digit of (32/20 - -2) + h/(-5)?
3
Let u = 8 - 17. Let w(h) = h**2 + 13*h + 5. Let i be w(-9). Let c = u - i. What is the tens digit of c?
2
Let o(y) = 6*y - 15. Suppose 0 = -4*v + 12, 5*v - 5 = x + 4. Let u be o(x). Suppose 55 - u = r. What is the units digit of r?
4
Suppose 30*h = 14*h + 12384. What is the hundreds digit of h?
7
Suppose -2*d = 5*a + 24, 5*d + 57 + 18 = -5*a. Let z(f) = 2*f + 59. What is the tens digit of z(d)?
2
Let y = -26 + 42. What is the units digit of (y/4)/(1/40)?
0
What is the tens digit of ((-2664 - -7) + -1)/(-1 - 1)?
2
Suppose 2*t - 5*r = -19, -2*t = -r - 3*r + 14. Suppose 0 = -2*a - 2*g + 192, t*g + 0*g = 3*a - 312. What is the tens digit of a?
0
What is the tens digit of -2*(-13023)/12*(-2)/(-3)?
4
Let u = -169 + 136. Suppose 59 = g - n, -5*n + 100 = 4*g - 118. Let y = u + g. What is the tens digit of y?
2
What is the hundreds digit of (322/(-8) + 1)*(9 - 17)?
3
Let n = 1280 - 711. What is the tens digit of n?
6
What is the tens digit of (4 - 100/15)/(1/(-78))?
0
Let k(s) = s**3 + 8*s**2 + 7*s + 10. Let q be k(-7). Let g = -7 + q. Suppose 2*i - 4*c = -2*i + 72, 4*i + g*c = 100. What is the tens digit of i?
2
Let d = 603 - -2392. What is the tens digit of d?
9
Let s be ((-10)/(-3))/(16/72). Suppose -3*p = s, -2*p = -2*x - 6*p + 216. What is the tens digit of x?
1
Let h(w) = -w - 16. Let c be h(-16). Suppose 2*t = 6*t - 4*m + 340, c = 2*m. Let i = -48 - t. What is the units digit of i?
7
Let l(f) = -7*f**3 + 10*f**2 - 8*f - 9. Let t be l(8). What is the units digit of 4/(-22) + t/(-77)?
9
Let z(r) = -r**3 + 5*r**2 + 4*r + 5. Let f be z(6). Let c = 23 - 2. Let t = c - f. What is the tens digit of t?
2
Let h = 61 - -193. What is the tens digit of h?
5
Let t = 2287 + 154. What is the thousands digit of t?
2
Suppose 2*g - 16244 = 5*l, -2*l + 4*g - g = 6491. What is the units digit of (-6)/(-16) - l/208?
6
Suppose 2*u - 785 + 119 = 0. What is the tens digit of u?
3
Suppose 3*w - 29 = 4*f, -3*w - f + 4 = -0*w. Suppose 0*l = -w*l - 225. What is the tens digit of (-2)/10 - 3990/l?
5
Let h = 49 + -47. What is the tens digit of (23/4)/(h/48)?
3
Let r(y) = -2*y**3 - y**2 + 35 - 34 - 8*y**3 - y**2. Let w be r(-1). Let v = 20 - w. What is the tens digit of v?
1
Let d be -1*(15 - 0)/(-5). Let l(m) = 2*m**2 + 8*m - 3 - d*m**2 + 4*m. What is the units digit of l(10)?
7
What is the units digit of (-86 + 88)*1428/1?
6
What is the tens digit of (4/(-6))/(-2)*933?
1
Suppose -3*a + 1092 = -1158. What is the tens digit of a?
5
Let i(l) = -29*l + 3. Suppose -4 = -2*q - 8. What is the units digit of i(q)?
1
Let b = -81 - 41. Let a = -67 - b. What is the units digit of a?
5
Suppose 0 = 2*s - 7*s. Suppose 5*k = a + 91, 0 = -k - s*k + 3*a + 21. Suppose 3*z + k = 5*x + 68, -x + 105 = 4*z. What is the tens digit of z?
2
Suppose 8*b - 3*b + 3*x - 329 = 0, 2*x = 4*b - 272. Suppose -4*v = -5*m + 259, b - 21 = m + 5*v. What is the units digit of m?
1
Suppose 0 = -36*k - 12505 + 42673. What is the tens digit of k?
3
Suppose 5*p - 4*q + 175 + 95 = 0, p - 2*q + 60 = 0. Let a = -47 - p. What is the units digit of a?
3
Suppose 0 = -3*z + 6 + 3. Suppose -48 = -4*x + k + 7, 9 = -z*k. Suppose -x*l + 24 = -9*l. What is the units digit of l?
6
Let r = -1177 - -2039. What is the units digit of r?
2
Let y(j) = -3779*j**3 + 2*j**2 + 2*j - 1. What is the units digit of y(-1)?
8
What is the tens digit of (((-4640)/15)/8)/((-9)/351)?
0
Suppose 38*k - 375 = 33*k. What is the tens digit of k?
7
Let v(z) = z - 1. Let b(f) = f + 1. Let a(k) = -9*k - 3. Let l(n) = -a(n) - 2*b(n). Let g(s) = l(s) - 6*v(s). What is the units digit of g(6)?
3
Suppose 0 = -6*f + 10*f - 248. Let c = -7 + f. What is the tens digit of c?
5
Let t(n)